 and 2.
2
Let w(y) = y + 1. Let v be w(4). Let q = 8 - v. Let k be 0 + (-2)/(-4)*2. Calculate the highest common divisor of q and k.
1
Let w(g) = g**2 + 6*g - 3. Let r be w(-7). Let z = -18 + 8. Let d be z/1*(-3)/5. Calculate the highest common divisor of r and d.
2
Let r = -91 + 154. Suppose -x - 3*x - 4 = 0, -5*x - 5 = -k. Suppose -15*q + 12*q + 21 = k. Calculate the highest common factor of r and q.
7
Let w(r) = r**3 + 15*r**2 + 16*r + 24. Let q be w(-13). What is the highest common divisor of q and 22?
22
Let t(y) = y**3 + 6*y**2 - 3*y. Let u be (9/(-4))/((-9)/(-24)). Let o be t(u). Calculate the greatest common factor of 6 and o.
6
Let q(s) = -s + 2*s**3 + s**2 + 6*s**3 + 10*s**3. Let i be q(1). Calculate the highest common factor of i and 162.
18
Let y be 38 + 1 - 4/(4 - 8). Calculate the highest common divisor of 60 and y.
20
Let w = -356 - -613. Suppose -4 = 4*f, 0*k + 3*k - 2*f = w. Calculate the greatest common divisor of 34 and k.
17
Suppose 4*d - 2 + 6 = 0. Let y be (-2)/((4/24)/d). What is the highest common factor of 96 and y?
12
Let u = -10 - -6. Suppose -4*q = -4*w - 68, -w + 0*q - 13 = q. Let c = u - w. Calculate the highest common factor of 22 and c.
11
Let t be ((-270)/(-24))/((-6)/(-16)). What is the greatest common factor of 240 and t?
30
Let t(j) = 8*j**3 + 1. Suppose 11 = -5*o + 1. Let c be t(o). Let u = c - -171. Calculate the highest common divisor of 12 and u.
12
Suppose 0 = -3*d - d - 5*z - 49, -3*d = 4*z + 36. Let q be (d/(-6))/(6/117). What is the greatest common factor of 13 and q?
13
Suppose 6*l = l + 15. Suppose 0 = -l*t + 2*t + 32. What is the greatest common divisor of 16 and t?
16
Let t(n) = -2*n**3 - 12*n**2 - 3*n + 7. Let z be t(-9). Let x = -289 + z. Calculate the highest common factor of 21 and x.
21
Let g(x) = 0 + 0*x - 1 + 3*x**2 + 0*x. Let a be g(-2). Let d be a - 4/(12/9). What is the highest common factor of 1 and d?
1
Let g be 57/4 + (-3)/12. What is the greatest common divisor of 21 and g?
7
Let k be (17 - 5)*((-10)/(-4) + 1). Calculate the highest common factor of k and 210.
42
Suppose 0 = 8*f - 5*f - 15. Let o = f - -1. Calculate the greatest common divisor of 2 and o.
2
Let x = 26 - 17. Let d = 0 + 4. Suppose -d*y + 3*y + 81 = 0. Calculate the highest common factor of x and y.
9
Suppose -5*g = -k - 44, 47 = 4*g - 3*k + 3. Let o be 6/(-3) - 9/(-3). What is the highest common divisor of o and g?
1
Suppose -10 = -y - 2. Let n(v) = -v**2 + 4*v - 1. Let u be n(5). Let h(i) = -6*i - 4. Let s be h(u). Calculate the greatest common divisor of s and y.
8
Suppose 3 = q - o, -5*q + 13 + 2 = -3*o. Let y = -23 + 38. What is the highest common divisor of y and q?
3
Let s = -283 - -548. Suppose 0 = -3*f - 55 + s. Suppose -2*j = -10, -k + 4*k + 2*j = 40. What is the highest common divisor of f and k?
10
Let y = 124 - 43. What is the greatest common divisor of 27 and y?
27
Suppose 9 = k - 5*r, -5*r - 29 = -3*k + 28. Let m = -46 + 49. What is the highest common factor of m and k?
3
Let c be (-3)/60*-4 - 118/(-10). What is the highest common divisor of c and 108?
12
Suppose 30 = 6*r + 6. Calculate the greatest common divisor of 60 and r.
4
Suppose -4*w + 70 = -10. Calculate the greatest common factor of w and 5.
5
Suppose -11 + 31 = 5*n. Let c(z) = 4*z**2 - 2*z - 2. Let w be c(n). Suppose -3*u + w = -0*u. Calculate the greatest common divisor of u and 9.
9
Let t = -72 - -73. What is the highest common factor of 8 and t?
1
Suppose 4*m - 25 = -v, -m = -0*m + 2. What is the greatest common divisor of 264 and v?
33
Suppose -f - 1412 = 3*f. Let s = 595 + f. Calculate the highest common divisor of s and 22.
22
Let m(i) be the third derivative of -i**6/24 - i**5/30 + 2*i**2. Let q be m(-2). Calculate the highest common factor of q and 48.
16
Suppose -c = -3*l - 155, 6*c - c + 5*l = 695. Let v be ((-13)/(-2))/((-4)/(-8)). What is the greatest common divisor of v and c?
13
Let o = 25 + 11. What is the greatest common divisor of 90 and o?
18
Let s be (6/4)/(3/18). What is the highest common divisor of s and 9?
9
Let r = 138 + -126. Suppose -2*v - 3*v = -60. What is the greatest common factor of r and v?
12
Let m be (-1 - 0)/(1/(-42)). What is the greatest common factor of 6 and m?
6
Suppose -2*g + 6 = w, 2 = 5*g - 5*w + w. Let a = 8 - 0. Calculate the highest common factor of g and a.
2
Suppose -27 = p - 4*p. Suppose z = -36 + p. Let m be 2/(-9) + (-2976)/z. What is the highest common divisor of 11 and m?
11
Let d = 3 - -3. Let m = -10 - -25. Calculate the highest common divisor of d and m.
3
Let h be (-10)/8*160/(-20). Calculate the highest common divisor of h and 10.
10
Let v(f) = -f**3 + 5*f**2 + 6*f + 3. Let z be v(6). Suppose z*l = -2*l + 60. What is the greatest common divisor of l and 8?
4
Let v = -6 + 6. Suppose q - 4*l - 6 = 0, -5*q + 15 = -v*l - 5*l. Calculate the highest common divisor of 6 and q.
2
Let r(s) = -4*s + 10. Let i be r(-3). Calculate the highest common factor of i and 198.
22
Let q = -15 - -57. Calculate the greatest common divisor of q and 462.
42
Suppose v - 10 = -y + 2*v, y + 10 = -4*v. Calculate the highest common factor of y and 48.
6
Let b = 216 - 146. Let o = -17 + 32. Suppose -5*x - o + 65 = 0. What is the highest common factor of b and x?
10
Suppose -3*i - 2*i + 20 = 0. Let p = i - -32. Let a(o) = -4*o - 4. Let h be a(-4). Calculate the highest common divisor of p and h.
12
Let o(a) = -a + 30. Let f be o(15). What is the highest common divisor of 60 and f?
15
Let t(m) = -m**3 - 10*m**2 - 10*m - 8. Let i be t(-9). Suppose 7 = 2*n + i. Calculate the greatest common divisor of n and 6.
3
Let g be -54 - (2/2)/1. Let l be (-596)/(-11) - (-10)/g. Calculate the greatest common divisor of 6 and l.
6
Let k(m) = -m + 9. Let j be k(0). Calculate the highest common factor of 12 and j.
3
Suppose 2*v = 6 + 6. Suppose 3*s = 2*q + 4, 2*q = 2*s + 2 - 4. Let r be 35/2 + q/2. What is the highest common factor of r and v?
6
Suppose -404 = -b + 4*i, 10*i - 5*i + 15 = 0. What is the highest common divisor of 49 and b?
49
Suppose 0 = 3*b + 2*b - 4*p - 20, 0 = -3*b - 3*p + 39. Let h = 40 - -48. Calculate the greatest common divisor of h and b.
8
Let l(h) = 4*h**3 - h**2 + 1. Let d be l(1). Let b be (-14 + 2)*d/(-3). Suppose -7*x = -5*x - 352. Calculate the highest common factor of b and x.
16
Let d(s) = 8*s + 6. Let w be d(13). Suppose -8*p = -3*p - w. Calculate the greatest common factor of p and 11.
11
Let o = 16 + 16. Let j be (-4)/24*10*-3. Suppose 2*u + 5 + 17 = 4*b, -j*b + 45 = u. Calculate the greatest common factor of b and o.
8
Suppose 5*r + 49 = 169. Let i(w) = w**2 + 3*w - 6. Let k be i(-6). What is the highest common factor of k and r?
12
Let q be (-796)/(-20) + (3/15 - 0). What is the highest common divisor of q and 40?
40
Suppose -5*d + 24 = -4*t, 10*t = -4*d + 5*t + 11. Suppose 3 = d*a - 1. Calculate the greatest common divisor of 8 and a.
1
Let y be ((-45)/(-20))/((-9)/(-120)). What is the highest common factor of 45 and y?
15
Let j = -39 - -179. What is the greatest common factor of j and 35?
35
Let n(w) = 2*w - 2. Let a be n(1). Suppose a = 5*z - 25. What is the highest common factor of 45 and z?
5
Suppose 0*m = -m + 2*y + 26, -8 = -4*y. Let o = 178 + -168. Calculate the highest common divisor of m and o.
10
Let y(x) = -50*x**2 - 3*x + 3. Let a be y(-6). Let g be a/(-9) + 3/9. Calculate the greatest common divisor of 22 and g.
22
Suppose -h = h - 2*c, -4*c = -2*h - 8. What is the highest common factor of 4 and h?
4
Suppose -14 = 3*c + 5*v, -2*v = 4*c - 2*c + 4. Suppose 0*h + 18 = c*h. Suppose -2*t + 3*t = 18. What is the highest common factor of h and t?
9
Let m(h) = -h**3 - 3*h**2 + 4*h - 4. Let t be m(-5). Let k be ((11 - 5)/(-12))/((-1)/520). Calculate the greatest common divisor of k and t.
26
Suppose 3*r - 25 = 8*r, -3 = 3*s - 3*r. Let a be ((-21)/9)/(2/s). Calculate the highest common factor of a and 7.
7
Let h be (-2)/10 + (-444)/(-20). Calculate the greatest common factor of h and 55.
11
Let r(y) = 21*y**2 - 4*y + 10. Let i be r(4). What is the highest common factor of 30 and i?
30
Suppose -2*r = -0*r + 4. Let n be 2 + 2/(0 + r). Let t = n + 13. Calculate the highest common divisor of 56 and t.
14
Let u = 7 + -4. Suppose -u*f = -10 - 5. What is the highest common factor of f and 15?
5